-10) + (-26)/(-65). Let p(n) = -n**3 + 18*n**2 + 9. Let o be p(s). Suppose o = 3*h - 15. Is h a prime number?
True
Let q = 4042 + 1695. Is q composite?
False
Suppose -58781 = -6*r + 50257. Is r a prime number?
False
Suppose 0 = -3*f - 4*v - 971 + 5554, 0 = -4*f + 4*v + 6092. Let n = f - 856. Is n a composite number?
True
Suppose -l + 29 = -198. Suppose 0 = -3*v - 3*s + 336, l = 2*v + s - 0. Is v composite?
True
Suppose -22*f + 10*f = -4572. Is f prime?
False
Is 22/132 - (-31)/(-6) - -1232 a composite number?
True
Suppose -5*f = -z - 3*z + 6, 5*z - 20 = 0. Let r be 15/f*12/5. Suppose 0 = -5*c + 277 + r. Is c a prime number?
True
Let t be (-24)/(-9)*(-6)/(-8). Suppose -t*j - j - 18 = -4*u, u = 2*j + 7. Suppose -421 = -u*h + 188. Is h a prime number?
False
Suppose 63*d = 46*d + 93007. Is d composite?
False
Let p = 13314 + -6025. Is p composite?
True
Suppose -8156 = 4*d + 2*u + 1856, -2*d - 4996 = -4*u. Let z = d - -6239. Is z a composite number?
True
Let l(k) = k**3 + 2*k**2 - k + 6. Let u be l(-3). Suppose 3*j - 4662 = -3*c + 942, u = 2*c + 3*j - 3739. Is c a composite number?
True
Let r = 1003 - 175. Suppose 0*w = -3*w + r. Let n = w - 187. Is n composite?
False
Let g be 1/((-12)/(-18)*(-3)/1362). Let t = -292 - g. Is t a composite number?
False
Let n = 3 + 27. Suppose n*y = 35*y. Suppose 4*o - 7*o + 1689 = y. Is o prime?
True
Suppose 6*v + 1387 = 7*v + 3*d, v + 5*d - 1379 = 0. Is v a prime number?
True
Let h be 0 - (-9 + 4 - 1). Let q be (-20)/(0 - h/(-33)). Let y = q + 253. Is y a composite number?
True
Let c(g) = -473*g**3 - 4*g**2 - 6*g - 3. Is c(-2) composite?
True
Let y = 194 - 376. Is (y/(-13))/((-4)/(-254)) composite?
True
Suppose 2*s - 4376 = -y + 3*y, 4*y = 4. Suppose 5*c = 2846 + s. Is c a prime number?
False
Let a be (59/(-4))/(2*4/2976). Let q = a + 7804. Is q composite?
True
Suppose 187 = 5*s - 4*m, 0 = -3*s + 5*m + 77 + 43. Let w = 8 - s. Is (-3185)/(-45) + (-6)/w composite?
False
Let a(i) = 6*i + 1 + i - 4*i**2 + 0 - 3*i + i**3. Let d be ((-20)/25)/(8/(-60)). Is a(d) prime?
True
Let b(q) = 56*q + 3. Let k(d) = -113*d - 7. Let a(h) = -9*b(h) - 4*k(h). Is a(-1) a composite number?
False
Suppose 4*m - 6 = 6. Let n(h) = h - 6. Let r be n(10). Suppose -2*i + m*i = 1, r*y + i = 149. Is y a composite number?
False
Let i(z) = 10*z**2 - 2*z + 3. Let n be i(-6). Suppose -4*r + 3*a - 6*a + 499 = 0, n = 3*r + 2*a. Is r a prime number?
True
Suppose -4*b + 42 = b + 3*z, -5 = 5*z. Suppose 0 = -b*u + 11*u - 422. Is u a composite number?
False
Let o be (-2 + 15/9)/(4/24). Is (o/(-5))/((-14)/(-28630)) prime?
False
Suppose -12*a = -13*a + 9229. Is a composite?
True
Let z = 2169 + -1300. Is z a prime number?
False
Suppose 0 = -4*w + 4*r + 9624, -4*w + 1798 = -2*r - 7836. Is w prime?
True
Let o = 30 + -27. Suppose o*k = -g + 3, 9 = -3*k - 2*k + 3*g. Suppose k*q + 2*c - 645 = -q, 3*q + 3*c - 1920 = 0. Is q composite?
True
Let r be (216/90)/(34/(-10) + 3). Suppose 3*x - 34 = -7. Is 3*-11*r/x a prime number?
False
Let f = -4157 + 16758. Is f prime?
True
Let k = 3 - 1. Suppose -4*p + 4 = -k*p. Let h(c) = 15*c + 1. Is h(p) prime?
True
Is (106958*5/(-10))/(-4 - -3) composite?
False
Let j = 3289 - 1548. Is j a composite number?
False
Suppose -4*x = -2*x - 6. Let w be (-2)/x + 12/18. Suppose w = -n + r + 260, -3*n - 11 = -r - 785. Is n a composite number?
False
Let d = 14054 - -9549. Is d a composite number?
False
Suppose -10 = -4*a - 2. Let w(q) = -2*q + 19*q**2 + 236*q**a + q. Is w(1) a prime number?
False
Let f be (-1)/(24/342) - 2/(-8). Is 1*(-32)/(-2) + 11 + f prime?
True
Let x = 4651 + -1980. Is x prime?
True
Let r be ((-3)/9)/((-1)/6). Suppose k - 2*y - 39 = 0, k = y - 2*y + 33. Suppose r*t = t + k. Is t composite?
True
Let t(n) = -n**2 - 3*n + 2. Let b be t(-4). Is (5 - (b + 3)) + 631 a composite number?
True
Let f(s) = 5*s**2 - s - 31. Let r(a) = 4*a**2 - a - 32. Let p(o) = 5*f(o) - 4*r(o). Is p(13) composite?
False
Let z(s) = -s**3 - 11*s**2 - 12*s. Let h be z(-12). Suppose -4*l + 3*o = -435, 4 + 11 = 5*o. Let b = h - l. Is b a prime number?
False
Let a(m) = 317*m + 88. Is a(7) composite?
True
Suppose -153*k + 148*k = 4*i - 117465, -3*k - i + 70486 = 0. Is k a prime number?
True
Let k(l) = -3*l**2 - 1. Let g be k(1). Is 79216/112 + g/14 a composite number?
True
Let m(d) = -d**2 - 9*d + 24. Let k be m(-11). Let y(p) = 103*p**2 - 5*p + 5. Is y(k) prime?
False
Suppose -6509 + 1643 = -6*g. Is g a prime number?
True
Suppose 3*k = -2*v + 10, -2*k + 2*v + 2 = k. Suppose -o - 3*l = 5, 2*l - l = -k*o. Is (-4)/o*(-524)/16 composite?
False
Suppose 6*l - 3*l = 594. Suppose 4*d = 5*p - l, 3*d = p - 3*p + 70. Is p a prime number?
False
Suppose 2*j - 43961 = -3*w - 2*j, 73307 = 5*w - 3*j. Is w composite?
True
Let r(i) = i**2 + 16*i + 20. Let w be r(-15). Suppose -w*g = -5837 - 168. Is g prime?
True
Let l = 911 + 2190. Is l composite?
True
Suppose 0 = -5*m - 4*l + 44699, 0*l = 4*l - 4. Is m prime?
False
Is 838*(-11)/(5 + -27) a prime number?
True
Suppose -39*f + 31*f = -95224. Is f composite?
False
Is (-18388)/(-20) + (-16)/40 a composite number?
False
Let k(j) be the third derivative of j**6/24 - j**5/60 + j**4/24 - j**3/6 + 2*j**2. Let y be k(1). Is (4 - 2)*30/y prime?
False
Let d(x) = 2 + 1 - 2 - 2 - 119*x. Let j be d(1). Let h = 191 + j. Is h a prime number?
True
Suppose 8082 = -28*c + 34*c. Is c a prime number?
False
Let n(v) = 213*v + 25. Let w be n(-8). Let q = w + 3336. Is q a prime number?
True
Let w(v) = v**3 + 10*v**2 + 11*v + 23. Let i be w(-9). Suppose -5*s - z = -406 - 499, 3*s = -i*z + 543. Is s a prime number?
True
Let w = 43 - 2. Suppose 0 = -3*h + 52 + w. Is h a composite number?
False
Let u(y) = 6*y**3 + 7*y**2 - 9*y - 34. Let m(q) = q**3 - 1. Let j(w) = 5*m(w) - u(w). Is j(-10) composite?
False
Let m(x) = -x**2 - 5*x - 5. Let b be m(-5). Is 1 + 25/b - -8711*1 a prime number?
True
Suppose 2*h - 28 = m, -2*m - 44 = -4*h + 3*m. Suppose 3*b = 5*w + h, 0*w = 5*w + 10. Is (-1 - (-9735)/10)*b a prime number?
False
Let a(n) = -61*n - 11. Suppose 10*i = -0*i - 40. Is a(i) a composite number?
False
Suppose 9 - 5 = w. Suppose 0 = 2*o - o + w*p + 139, -139 = o - 3*p. Let l = o + 216. Is l prime?
False
Suppose 0 = -50*p + 47*p + 36120. Suppose -3*o - 3223 + p = 0. Is o prime?
True
Let o be 6*1 - (-5 - -4). Let b be (-12)/28 - (-773)/o. Suppose q = n + 66, -b = -3*q - 3*n + 82. Is q a prime number?
False
Let x(i) = -i**3 - 4*i**2 + 5*i - 5. Let g(k) = -5 + k + 10 - 6. Let t(u) = -3*g(u) + x(u). Is t(-5) prime?
True
Let v(w) = 99*w**2 - 12*w - 62. Is v(-11) a composite number?
False
Suppose 5*a + 35 = 3*w, -16 = -4*w - 0*a - a. Suppose 5*b - 3*g - 250 = 0, 217 = w*b - 2*g - 38. Is b composite?
False
Let p(f) = -f**2 + 8*f. Suppose 10 - 50 = -5*b. Let u be p(b). Suppose 207 = 3*d - u*d. Is d a prime number?
False
Let z(b) = 2*b + 4. Suppose -48 + 51 = v. Let s be z(v). Is s/55 - (-713)/11 a prime number?
False
Let r(b) = b**3 + 7*b - 3. Suppose 2*u + 23 = 5*p, -8*p + 4*p + 28 = -4*u. Let t(w) = -w**3 - w**2 - 7*w + 4. Let j(q) = p*r(q) + 2*t(q). Is j(5) prime?
True
Let q(y) = 4*y - 1. Let h be q(5). Suppose 28*x + 2 = -d + 27*x, 0 = d - 4*x - 8. Let v = h + d. Is v a prime number?
True
Let j(s) = -32*s - 22. Let i be j(-13). Let k = 957 - i. Is k a composite number?
False
Let z(i) = 114*i + 55. Let d(k) = 114*k + 57. Let t(a) = -6*d(a) + 7*z(a). Is t(8) a prime number?
False
Is (142/(-8))/((-55)/2420) a composite number?
True
Let r(y) = -34*y + 1. Let q = 29 + -30. Is r(q) a composite number?
True
Let q be 0*(-2 - (3 - (4 + 0))). Suppose q = 5*m - 304 - 43231. Is m a prime number?
True
Let x be (-6)/(-8) - (-95115)/60. Let l = x - -1665. Is l a composite number?
False
Let a = 49 + -57. Is (-2554)/a - 12/48 prime?
False
Suppose 2*b + 792066 = 68*b. Is b a prime number?
False
Let w = 29 + -20. Let p be (-1)/(-4) + w/(-4). Is (-7)/(p/268*2) a composite number?
True
Suppose -3*x = -i + 3*i - 102, 12 = -4*i. Suppose -2*k - k - x = 0. Let w = 18 + k. Is w a prime number?
False
Let o(m) = -10*m**3 + 5*m**2 + m - 7. Let z be o(-3). Let c = 712 - z. Is c a composite number?
True
Let s = -271 + 508. Let n = s - 119. Suppose 2*j - 221 = -3*g, 0*j = j + 3*g - n. Is j prime?
True
Let l be (-6)/8 + 24690/24. Suppose -3*p + l = p. Is p composite?
False
Let d(t) = -33*t